(-12)/208).
18
Let d = 30 - 25. Suppose d*s = 4*s + 37. What is the remainder when 141 is divided by s?
30
Suppose -9*q - 85 = -5*q - 5*c, -5*q - 4*c - 96 = 0. What is the remainder when 87 is divided by -88*(-1 + (-15)/q)?
21
Let k = 2398 + -1726. What is the remainder when k is divided by 166?
8
Calculate the remainder when (14571/15 - -2)/((13 - 9)/20) is divided by 58.
53
Suppose 0 = -2*w, 5*w = 4*m + 488 + 496. Let h = 304 + m. What is the remainder when 115 is divided by h?
57
Let i be (-11)/(-363)*11 + 476/3. Suppose -3*a + 25 = 4*s - i, 2*a - 237 = -5*s. What is the remainder when s is divided by 17?
15
Suppose -4*r + 0*r + 5*z = 56, 2*r = z - 34. Let j = r - -23. Suppose -9 = j*n - 1, 4*n + 190 = 2*l. What is the remainder when l is divided by 31?
29
Let i(m) be the second derivative of 65*m**3/6 - 13*m**2 + 107*m. What is the remainder when i(9) is divided by 10?
9
Suppose 7*i - 13760 = 40*i - 76*i. Calculate the remainder when i is divided by 70.
40
Let m(b) = -b**3 + 5*b**2 + 11*b + 10. Let s be ((624/40)/13)/(4/(-10)). Calculate the remainder when 243 is divided by m(s).
47
Suppose 14*r - 8 = 10*r + 2*g, 2*r + 4*g = 24. Suppose 2*p + 3*k = 829, -r*p - 5*k = -0*p - 1663. Calculate the remainder when p is divided by 47.
46
Let o(v) = 3*v + 9. Let j be o(-6). Let w be (-5)/20 - j/(-12). Let a(u) = 18*u**2 - 1. What is the remainder when 31 is divided by a(w)?
14
Suppose -3*d + 27 = -2*n - 56, -2*d + 3*n + 62 = 0. Let f = 539 + -362. Let l = f + -173. What is the remainder when d is divided by l?
1
Let t(y) = -y**2 - 12*y + 3. Suppose 0 = 6*o + 72. Let w be t(o). Let p = 17 + w. What is the remainder when 58 is divided by p?
18
Let f(j) = -j**3 - 10*j**2 - 23*j + 3. Let g be f(-4). What is the remainder when 298 is divided by (51 + g)*48/40?
58
Let p be 0 - (2 - -15)*-1. Let a(b) = -b + 102. Let v be a(8). Let q = p + v. What is the remainder when q is divided by 57?
54
Let t = -2628 + 2632. Let u(b) = -b**3 - 11*b**2 - 9*b + 7. Let c be u(-10). Calculate the remainder when ((-204)/8)/c*2 is divided by t.
1
Let s = 23986 - 22329. What is the remainder when s is divided by 409?
21
Let g(d) = 3*d**2 - 4*d - 2. Let o be g(6). Let j = 10003 + -9953. What is the remainder when j is divided by 10/35 - o/(-7)?
2
Suppose -40*g + 238 = 6*g - 130. Calculate the remainder when 2805 is divided by g.
5
What is the remainder when 17/(714/(-2758))*-9 is divided by 37?
36
Suppose 0 = m - 0*m - 21. Suppose 0 = -5*n - 15, -45 + 1185 = 3*a - 4*n. Calculate the remainder when a is divided by m.
19
Let t be (-16 - -16)/(3 + -1 + -1). Suppose t = 12*k + k - 1482. What is the remainder when k is divided by 35?
9
Suppose 4*a - 51 = 17. Calculate the remainder when 1 - 877/(-25) - 652/8150 is divided by a.
2
Let s = -21429 + 21566. Calculate the remainder when s is divided by 41.
14
Suppose 57 = b + 3*l, -4*l - 59 + 177 = 2*b. Calculate the remainder when 1637 is divided by b.
62
Calculate the remainder when 997 is divided by 2 + (-15 - 75)/(-15).
5
Let l(z) = -88*z + 128. Let f be l(2). Let y = 85 + f. Calculate the remainder when 69 is divided by y.
32
Suppose -2*g = 5*c - 1991, -c + 938*g = 937*g - 401. Calculate the remainder when c is divided by 28.
7
Let z(c) = c**2 - 42*c + 1010. Calculate the remainder when z(72) is divided by 61.
59
Suppose -4*f = 8, 5*f - 69 = 4*h - 323. Let u(n) = 2*n - 2. Let b be u(2). Suppose -h = b*r - 103. Calculate the remainder when r is divided by 6.
3
Suppose 38*f + 2*f - 2360 - 2040 = 0. What is the remainder when 5169 is divided by f?
109
Let y(o) = 72*o + 314. Calculate the remainder when 27/(4 + -6 + 3) is divided by y(-4).
1
Suppose -390 = -42*f + 36*f. What is the remainder when 255 is divided by f?
60
Let o = -9002 - -10935. Calculate the remainder when o is divided by 482.
5
Let u(g) = g**2 + 2*g - 2. Let w(m) = m**2 - 4*m + 4. Let x(a) = -a**2 + 4*a - 4. Let c be x(0). What is the remainder when w(c) is divided by u(3)?
10
Calculate the remainder when 39239 is divided by (-696 + 695)/(-1*-2*(-2)/436).
108
Let s(o) = -o + 22. Let h be s(18). Suppose k = -0*k + h*l + 14, 120 = 5*k + 5*l. What is the remainder when k is divided by 5?
2
Suppose w = -0*w + 65. Suppose 168 = 201*y - 193*y. What is the remainder when w is divided by y?
2
Suppose -3*l + 1257 = -2*m, -2*l + 4*m + 209 = -621. Let w = 57 + l. Calculate the remainder when w is divided by 12.
10
Let p = 28608 + -27731. What is the remainder when p is divided by 177?
169
Suppose -2*x + 6*x = -o + 292, -228 = -3*x - 3*o. Suppose 2*n + 58 = x. Let b(z) = -2*z - 6. Calculate the remainder when n is divided by b(-4).
1
Suppose 2*i - 4*d + 15 - 121 = 0, 5*d = i - 50. Let h = 28 - 31. What is the remainder when (i/(-2))/(h/6) is divided by 28?
27
Calculate the remainder when 2029/8 - 1095/(-2920) is divided by 188.
66
Let m(g) = -120*g + 2681. Suppose -4*o - 7*i + 4*i + 171 = 0, 2*o = -i + 85. What is the remainder when m(21) is divided by o?
35
Let q(i) = -10*i - 162. Let z be q(-20). Suppose o = z - 0. Calculate the remainder when 303 is divided by o.
37
Let k be (-132)/(-9) - 3/(-9). Suppose -5*s + 427 = 5*l + 377, 0 = -3*s + l + 62. What is the remainder when (36/k)/(1/20) is divided by s?
12
Suppose 6 = 4*l - 2*h, -15 = 4*l + 2*h + 3*h. Suppose l = -9*u + 17*u - 600. Calculate the remainder when u is divided by 19.
18
Let k = 9635 + -9425. Calculate the remainder when 1264 is divided by k.
4
Suppose 41*t - 22*t = -27*t + 2254. What is the remainder when 95 is divided by t?
46
Suppose 151*k = 6*k + 21025. What is the remainder when 434 is divided by k?
144
Let w = 38 + -28. Suppose -4*v = -5*f - 125, f + v = -w - 6. Let r = f - -47. Calculate the remainder when r is divided by 9.
8
Let l = 289 - 284. What is the remainder when 65 - (-2 + -3 + l) is divided by 16?
1
Calculate the remainder when 4163/7 + 4 + ((-80)/(-70))/4 is divided by 88.
71
Suppose 1089 = 13*y - 20*y + 18*y. Calculate the remainder when y is divided by 2.
1
Suppose 14*r - 13*r = 5*n + 521, 5*n - 937 = -2*r. Calculate the remainder when r is divided by 200.
86
Let l(h) = h**2 + 5*h - 88. Let j be l(24). Let y = 627 - j. What is the remainder when y is divided by 10?
9
Let a(i) = -22*i - 568. What is the remainder when a(-62) is divided by 80?
76
Suppose -530 = -333*y + 323*y. Calculate the remainder when 581 is divided by y.
51
Let b = -368 + 403. Suppose 170*v - 165*v = b. What is the remainder when 10 is divided by v?
3
Let g = -1 + -5. Let f be 51*(g*2/(-3) - 3). Suppose -f*k + 54*k = 216. Calculate the remainder when k is divided by 15.
12
Let i(l) = -4*l + 24. Let s(h) = 6*h - 47. Let j(y) = -5*i(y) - 3*s(y). Suppose -37 = -t - 3. Calculate the remainder when t is divided by j(-6).
7
Suppose -15*s = -43*s + 14308. Let r = -274 + s. Calculate the remainder when r is divided by 15.
12
Suppose 75 = -3*w + 6*w. Let k be (-567)/(-51) - 6 - 4/34. Let f = 19 - k. What is the remainder when w is divided by f?
11
Let s = 6127 + -6010. Calculate the remainder when 343 is divided by s.
109
Let k = 31 - 31. Let m(b) = 2*b**2 + 6*b + 15. Calculate the remainder when 628 is divided by m(k).
13
Suppose 2*a - 2*f + 14474 = 7*a, 14489 = 5*a - 3*f. What is the remainder when a is divided by 18?
16
Let h = -4880 + 5110. Calculate the remainder when h is divided by 92.
46
Let t(u) = 1 + 2*u - 3 + 12. Let f be t(-8). What is the remainder when 29 - (f - -2)/4 is divided by 11?
8
Let x be -3 + ((-260)/70)/((-1)/7). Suppose 0*h + 207 = x*h. What is the remainder when 701 is divided by h?
8
Let p = -17921 + 25130. Calculate the remainder when p is divided by 10.
9
Let p = -47 - -95. Calculate the remainder when (-1267)/(-21) - -20 - (-2)/(-6) is divided by p.
32
Suppose 23*p - 14040 = 13*p. Calculate the remainder when 66 is divided by (2 + 5/(-2))/((-27)/p).
14
Suppose -10*j + 16*j - 1560 = 0. Suppose 6*v = 4 + j. Let q = -35 + v. What is the remainder when q is divided by 4?
1
Suppose 17*d + 2100 = 3*s + 12*d, 4*d + 3513 = 5*s. Calculate the remainder when 1411 is divided by s.
1
Let n be (-2 - (-28)/(-6))*-3. Let d = n + -11. Suppose -3*r + 132 = 3*h, 584*r - 7*h = 589*r - 224. What is the remainder when r is divided by d?
6
Let i(m) = 58*m + 1543. Calculate the remainder when 421 is divided by i(-25).
49
